 of 128009.
7, 18287
What are the prime factors of 1119?
3, 373
What are the prime factors of 1607?
1607
What are the prime factors of 723?
3, 241
List the prime factors of 3411.
3, 379
What are the prime factors of 22714?
2, 41, 277
List the prime factors of 2402.
2, 1201
What are the prime factors of 20848?
2, 1303
List the prime factors of 535.
5, 107
What are the prime factors of 29046?
2, 3, 47, 103
What are the prime factors of 15965?
5, 31, 103
What are the prime factors of 1186?
2, 593
List the prime factors of 15478.
2, 71, 109
List the prime factors of 5825.
5, 233
List the prime factors of 10535.
5, 7, 43
List the prime factors of 100883.
79, 1277
What are the prime factors of 627?
3, 11, 19
List the prime factors of 12156.
2, 3, 1013
What are the prime factors of 8199?
3, 911
What are the prime factors of 73?
73
What are the prime factors of 69827?
69827
What are the prime factors of 6832?
2, 7, 61
What are the prime factors of 63890?
2, 5, 6389
What are the prime factors of 237?
3, 79
What are the prime factors of 13172?
2, 37, 89
What are the prime factors of 48062?
2, 7, 3433
What are the prime factors of 220?
2, 5, 11
List the prime factors of 1488.
2, 3, 31
List the prime factors of 378.
2, 3, 7
List the prime factors of 19082.
2, 7, 29, 47
What are the prime factors of 2889?
3, 107
What are the prime factors of 772?
2, 193
List the prime factors of 64319.
64319
What are the prime factors of 110301?
3, 36767
List the prime factors of 75677.
7, 19, 569
List the prime factors of 59357.
59357
What are the prime factors of 29900?
2, 5, 13, 23
What are the prime factors of 6181?
7, 883
List the prime factors of 8320.
2, 5, 13
List the prime factors of 1095.
3, 5, 73
What are the prime factors of 2769?
3, 13, 71
List the prime factors of 15751.
19, 829
List the prime factors of 632.
2, 79
What are the prime factors of 474?
2, 3, 79
List the prime factors of 7918.
2, 37, 107
What are the prime factors of 4244?
2, 1061
List the prime factors of 6485.
5, 1297
List the prime factors of 52601.
23, 2287
What are the prime factors of 1286?
2, 643
What are the prime factors of 13501?
23, 587
List the prime factors of 2188.
2, 547
What are the prime factors of 2555?
5, 7, 73
List the prime factors of 796.
2, 199
List the prime factors of 23922.
2, 3, 443
List the prime factors of 710.
2, 5, 71
List the prime factors of 3135.
3, 5, 11, 19
List the prime factors of 28716.
2, 3, 2393
List the prime factors of 6882.
2, 3, 31, 37
List the prime factors of 4844.
2, 7, 173
What are the prime factors of 5561?
67, 83
List the prime factors of 3731.
7, 13, 41
What are the prime factors of 45991?
11, 37, 113
What are the prime factors of 4702?
2, 2351
What are the prime factors of 21567?
3, 7, 13, 79
What are the prime factors of 6590?
2, 5, 659
List the prime factors of 265.
5, 53
List the prime factors of 865.
5, 173
List the prime factors of 16172.
2, 13, 311
What are the prime factors of 1171?
1171
List the prime factors of 5731.
11, 521
List the prime factors of 54216.
2, 3, 251
List the prime factors of 42001.
97, 433
List the prime factors of 74355.
3, 5, 4957
List the prime factors of 2486.
2, 11, 113
What are the prime factors of 14944?
2, 467
List the prime factors of 4058.
2, 2029
List the prime factors of 636.
2, 3, 53
What are the prime factors of 776?
2, 97
What are the prime factors of 13502?
2, 43, 157
What are the prime factors of 1827?
3, 7, 29
What are the prime factors of 10648?
2, 11
List the prime factors of 740.
2, 5, 37
List the prime factors of 49620.
2, 3, 5, 827
List the prime factors of 118035.
3, 5, 43, 61
What are the prime factors of 64227?
3, 79, 271
What are the prime factors of 8?
2
What are the prime factors of 6359?
6359
What are the prime factors of 4370?
2, 5, 19, 23
What are the prime factors of 4338?
2, 3, 241
What are the prime factors of 3567?
3, 29, 41
What are the prime factors of 516?
2, 3, 43
What are the prime factors of 615?
3, 5, 41
What are the prime factors of 2061?
3, 229
List the prime factors of 7393.
7393
List the prime factors of 6282.
2, 3, 349
What are the prime factors of 2346?
2, 3, 17, 23
What are the prime factors of 32347?
7, 4621
List the prime factors of 2524.
2, 631
List the prime factors of 74919.
3, 13, 17, 113
What are the prime factors of 171394?
2, 17, 71
List the prime factors of 42840.
2, 3, 5, 7, 17
What are the prime factors of 55323?
3, 683
What are the prime factors of 3452?
2, 863
List the prime factors of 1508.
2, 13, 29
List the prime factors of 54657.
3, 6073
List the prime factors of 301.
7, 43
List the prime factors of 17491.
17491
What are the prime factors of 20473?
59, 347
What are the prime factors of 1248?
2, 3, 13
List the prime factors of 299.
13, 23
List the prime factors of 2650.
2, 5, 53
What are the prime factors of 156?
2, 3, 13
What are the prime factors of 1051?
1051
What are the prime factors of 102961?
19, 5419
What are the prime factors of 2437?
2437
What are the prime factors of 47920?
2, 5, 599
List the prime factors of 1408.
2, 11
What are the prime factors of 18395?
5, 13, 283
What are the prime factors of 15812?
2, 59, 67
What are the prime factors of 50284?
2, 13, 967
What are the prime factors of 22162?
2, 7, 1583
List the prime factors of 3173.
19, 167
What are the prime factors of 5251?
59, 89
List the prime factors of 107904.
2, 3, 281
List the prime factors of 17465.
5, 7, 499
List the prime factors of 164.
2, 41
List the prime factors of 71624.
2, 7, 1279
What are the prime factors of 2321?
11, 211
What are the prime factors of 77681?
77681
What are the prime factors of 920?
2, 5, 23
What are the prime factors of 46164?
2, 3, 3847
List the prime factors of 3449.
3449
List the prime factors of 994.
2, 7, 71
List the prime factors of 80880.
2, 3, 5, 337
List the prime factors of 2046.
2, 3, 11, 31
List the prime factors of 78.
2, 3, 13
List the prime factors of 27167.
7, 3881
List the prime factors of 4416.
2, 3, 23
What are the prime factors of 8102?
2, 4051
What are the prime factors of 925?
5, 37
List the prime factors of 446.
2, 223
What are the prime factors of 15564?
2, 3, 1297
What are the prime factors of 1572?
2, 3, 131
List the prime factors of 147253.
147253
What are the prime factors of 433?
433
List the prime factors of 14504.
2, 7, 37
List the prime factors of 12635.
5, 7, 19
List the prime factors of 1090.
2, 5, 109
What are the prime factors of 70034?
2, 19, 97
What are the prime factors of 1108?
2, 277
What are the prime factors of 12142?
2, 13, 467
List the prime factors of 5641.
5641
What are the prime factors of 15100?
2, 5, 151
What are the prime factors of 8653?
17, 509
What are the prime factors of 57626?
2, 28813
List the prime factors of 8240.
2, 5, 103
What are the prime factors of 1561?
7, 223
List the prime factors of 1246.
2, 7, 89
What are the prime factors of 889?
7, 127
List the prime factors of 1764.
2, 3, 7
List the prime factors of 76873.
76873
List the prime factors of 106003.
71, 1493
List the prime factors of 79356.
2, 3, 17, 389
List the prime factors of 4121.
13, 317
What are the prime factors of 2252?
2, 563
List the prime factors of 160260.
2, 3, 5, 2671
What are the prime factors of 13402?
2, 6701
What are the prime factors of 14117?
19, 743
List the prime factors of 2614.
2, 1307
List the prime factors of 97.
97
What are the prime factors of 37755?
3, 5, 839
What are the prime factors of 23289?
3, 7, 1109
What are the prime factors of 56749?
7, 11, 67
List the prime factors of 10573.
97, 109
What are the prime factors of 810?
2, 3, 5
What are the prime factors of 419?
419
What are the prime factors of 7640?
2, 5, 191
List the prime factors of 3427.
23, 149
What are the prime factors of 1319?
1319
What are the prime factors of 435?
3, 5, 29
What are the prime factors of 1574?
2, 787
List the prime factors of 6272.
2, 7
What are the prime factors of 1065?
3, 5, 71
What are the prime factors of 61554?
2, 3, 10259
What are the prime factors of 12172?
2, 17, 179
List the prime factors of 1061.
1061
What are the prime factors of 14073?
3, 4691
List the prime factors of 12065.
5, 19, 127
What are the prime factors of 14991?
3, 19, 263
List the prime factors of 479.
479
What are the prime factors of 1932